) to base 7
521153
What is -4340552 (base 6) in base 16?
-34934
Convert -5365324 (base 10) to base 9.
-11076751
Convert -dd1ed (base 15) to base 7.
-5653645
What is -13353404 (base 7) in base 13?
-34561a
Convert 30124345 (base 7) to base 5.
1114300130
Convert 1001111110000110100 (base 2) to base 16.
4fc34
-43300353 (base 6) to base 4
-10321101231
-4f0a2 (base 16) to base 6
-10534454
Convert -1287eb (base 15) to base 7.
-10363031
Convert -445497 (base 12) to base 10.
-1087603
-524748 (base 9) to base 7
-2436212
What is 124305 (base 6) in base 9?
16505
What is 114241233 (base 5) in base 13?
15bb54
What is -202131140 (base 5) in base 10?
-817670
What is 2b723 (base 12) in base 8?
170113
What is -1180270 (base 10) in base 3?
-2012222000201
25504400 (base 6) to base 12
342100
What is -200757 (base 10) in base 8?
-610065
-2951080 (base 10) to base 3
-12112221010021
What is 30212211 (base 6) in base 2?
11010001010001001111
What is -13035113 (base 7) in base 4?
-10201122323
4ac3c (base 13) to base 8
416065
What is -335324422 (base 6) in base 13?
-136c295
What is -145311123 (base 6) in base 13?
-8308b9
158682 (base 10) to base 14
41b86
-134607 (base 11) to base 6
-4304555
What is 9b9100 (base 12) in base 10?
2483280
What is -15456 (base 10) in base 16?
-3c60
Convert -13423042 (base 5) to base 13.
-4b448
Convert -3aa325 (base 13) to base 2.
-101011011001010101101
What is 14285687 (base 10) in base 2?
110110011111101101110111
Convert -c89c9 (base 14) to base 9.
-818121
Convert 1023443 (base 7) to base 14.
33123
Convert -9a0885 (base 12) to base 5.
-1111314401
What is -111222222120 (base 3) in base 14?
-725c2
110200121200010 (base 3) to base 2
11001101110011010111011
Convert -25347 (base 16) to base 14.
-3d771
What is -402001 (base 8) in base 15?
-29217
-310011022311 (base 4) to base 11
-77854a0
Convert -13042401 (base 5) to base 9.
-214336
Convert 12000268 (base 9) to base 7.
100455644
What is -199889 (base 16) in base 11?
-a46324
Convert 5a0560 (base 11) to base 16.
e8810
What is -1b50c (base 16) in base 9?
-180425
4037122 (base 8) to base 16
103e52
Convert 902522 (base 10) to base 7.
10446155
Convert -286919 (base 13) to base 9.
-1762232
Convert 110002000111 (base 3) to base 2.
111010000001100011
Convert -24243232 (base 5) to base 9.
-376608
What is 2216963 (base 10) in base 2?
1000011101010000000011
-111010101100110011 (base 2) to base 15
-4b390
Convert -130122013030 (base 4) to base 5.
-3401300423
-263420 (base 7) to base 13
-19562
What is -1501415 (base 10) in base 4?
-11232203213
19c7dc (base 14) to base 12
383352
What is -4e0b19 (base 15) in base 10?
-3748749
Convert 5b3c5 (base 14) to base 10.
223025
1000110111000101001101 (base 2) to base 3
11101000020100
Convert 1110010110011010 (base 2) to base 16.
e59a
254ab (base 15) to base 10
119186
Convert 11cd2c5 (base 14) to base 9.
17103360
4041330130 (base 5) to base 16
7c636b
Convert 101010110111110010111011 (base 2) to base 6.
1040514255
-21c97 (base 15) to base 4
-122033023
What is 11033330 (base 5) in base 11?
66215
Convert 100011011011110101100 (base 2) to base 13.
31867b
What is 14905 (base 15) in base 4?
100021223
What is 899ca (base 15) in base 10?
437590
What is 10110101011111100101100 (base 2) in base 3?
102012010222221
-23433423 (base 5) to base 14
-59628
What is -3342522 (base 10) in base 5?
-1323430042
Convert 25bbd0 (base 16) to base 8.
11335720
-34661456 (base 8) to base 10
-7562030
Convert 1230222000 (base 4) to base 15.
8bd06
What is -128f4c (base 16) in base 4?
-10220331030
-6601330 (base 7) to base 13
-22357c
Convert -5356544 (base 7) to base 15.
-cd73b
What is -133204041 (base 5) in base 14?
-13946a
Convert 9342a (base 11) to base 9.
226840
Convert -15881 (base 12) to base 2.
-111011110100001
What is -42332305 (base 6) in base 4?
-10232323301
What is 11011000010001000 (base 2) in base 12?
540b4
Convert 423233342 (base 5) to base 7.
21036442
Convert -12031224 (base 5) to base 2.
-11011001101001111
Convert 203232403 (base 5) to base 15.
117d38
What is -5607577 (base 11) in base 4?
-211200322011
What is -10110111110001011001 (base 2) in base 14?
-158465
Convert -11100020312 (base 4) to base 9.
-2527572
-110043030 (base 5) to base 3
-212221222011
Convert -44747 (base 14) to base 3.
-22102210221
-20303044 (base 5) to base 2
-101000100010001000
456f (base 16) to base 12
a353
1973820 (base 10) to base 3
10201021120110
Convert 11220212101 (base 4) to base 14.
2a63a9
412109 (base 10) to base 16
649cd
What is -238722 (base 11) in base 9?
-634803
What is -51323053 (base 6) in base 4?
-11213212221
What is -aba23 (base 12) in base 11?
-1461a3
Convert 10123003 (base 4) to base 2.
100011011000011
What is 371ec (base 15) in base 14?
48199
What is 353a9 (base 16) in base 9?
362060
What is -402230 (base 7) in base 6?
-1242545
-222201201 (base 3) to base 13
-8b3c
-143234 (base 5) to base 15
-1be9
Convert 5ba40e (base 15) to base 13.
ba85c4
Convert -1000111000111011110111 (base 2) to base 9.
-4341577
What is 1406170 (base 9) in base 11?
48814a
What is 1585718 (base 10) in base 11?
993412
-10011001000110100101 (base 2) to base 12
-262ab1
-11001101110000011000 (base 2) to base 9
-1524057
-110001000111001001101 (base 2) to base 5
-402444133
2101004040 (base 5) to base 11
2486488
Convert -91651 (base 12) to base 6.
-4020141
Convert -10110111000010101000 (base 2) to base 8.
-2670250
Convert 4d3e0 (base 15) to base 13.
88710
-331b24 (base 12) to base 10
-812044
Convert 1337137 (base 9) to base 8.
2630461
What is 25057532 (base 8) in base 2?
10101000101111101011010
-44847 (base 15) to base 9
-361764
5339 (base 11) to base 3
100200111
What is 110010001011110000 (base 2) in base 15?
40d87
What is -77b942 (base 12) in base 5?
-442013310
20301333130 (base 4) to base 13
6279a6
What is -a05ad (base 14) in base 5?
-44312133
3130352 (base 6) to base 13
5410a
Convert 10000001110110010 (base 2) to base 12.
32582
What is 2022102002001 (base 3) in base 4?
10223322010
What is -10331310023 (base 4) in base 13?
-3676a3
What is -1098 (base 12) in base 6?
-12312
Convert 152005455 (base 6) to base 16.
306deb
Convert 24065 (base 8) to base 13.
48ba
22a5078 (base 12) to base 9
13520072
Convert -d2a5c (base 14) to base 15.
-a030d
Convert -12001121202 (base 3) to base 4.
-120110030
Convert -b58a3 (base 12) to base 14.
-62a4b
Convert 31133102 (base 4) to base 11.
38568
What is -245d38 (base 15) in base 6?
-101152355
Convert 4031343 (base 7) to base 9.
808116
Convert 17151 (base 11) to base 12.
11b73
What is -9147 (base 12) in base 2?
-11110110000111
What is 1443060 (base 9) in base 15?
10ad4c
What is 101000111001000111 (base 2) in base 10?
167495
-1016322 (base 7) to base 3
-20012201120
-10220120 (base 6) to base 4
-1020302100
What is 343834 (base 14) in base 8?
6616526
What is -146625a (base 12) in base 6?
-224121354
What is 42444 (base 5) in base 11?
2183
-221001021122200 (base 3) to base 13
-29b0b03
What is -2cac9 (base 16) in base 4?
-230223021
-4d475e (base 15) to base 13
-9cc044
-3332033211 (base 4) to base 12
-422799
Convert 74376 (base 9) to base 2.
1100000000000011
-23321420 (base 6) to base 4
-2301101310
What is -144451421 (base 7) in base 13?
-1cb5b13
Convert 265715 (base 9) to base 12.
796a2
-123021130 (base 4) to base 8
-331134
Convert 364057 (base 12) to base 4.
3112111003
aa1662 (base 13) to base 11
22936a9
What is -2a6359 (base 15) in base 2?
-111110011100000111001
Convert 570027 (base 12) to base 8.
5231437
Convert 3170158 (base 12) to base 13.
1c25a20
1000011011010001101 (base 2) to base 6
5530141
What is -2202110111101 (base 3) in base 2?
-101100101110100110011
3038843 (base 10) to base 7
34554413
Convert 130031210 (base 5) to base 11.
399130
16063612 (base 9) to base 11
4583870
1000100110111101100 (base 2) to base 8
1046754
674875 (base 10) to base 7
5510365
What is -20500 (base 16) in base 15?
-29337
Convert 2121641 (base 7) to base 3.
111002022202
-3450221 (base 6) to base 8
-532745
-b85a63 (base 13) to base 9
-8122374
-731584 (base 11) to base 3
-2012121110212
What is 110442645 (base 7) in base 4?
121123133031
27824 (base 14) to base 6
2032012
Convert 214483 (base 10) to base 3.
101220012211
103065 (base 11) to base 4
220103323
What is -94411 (base 10) in base 9?
-153451
What is -203113 (base 14) in bas